)/(-18) - 4/(-24). Suppose n - 4*w - 153 = -a, w = n - 118. List the prime factors of n.
2, 29
Suppose 11*j - 112 = 3*j. Let u be j/49 + 164/14. List the prime factors of (6 - 50)*(-9)/u.
3, 11
Let b(i) = -i**3 - i**2 + 54*i - 1. Let o be b(7). Let r(z) = -2*z**3 - 28*z**2 + 4*z - 3. List the prime factors of r(o).
3, 43
Let v be 7 + (-10)/(90/27). Suppose -2*r = 60 - 64, 4*c + v*r - 3944 = 0. List the prime factors of c.
2, 3, 41
Suppose -197868 = -27*u - 17*u. What are the prime factors of u?
3, 1499
Suppose 0 = -13*z - 1 + 79. Let v be z + -6 + 4 - 4. Suppose v = 4*g + 20, 87 = q - 6*g + 3*g. What are the prime factors of q?
2, 3
Let b(o) be the second derivative of o**3/6 + 19*o**2/2 + 16*o. Let d be b(12). Suppose -p - d = -126. List the prime factors of p.
5, 19
Let h be (95698/(-177))/((-1)/(-3)). Let s = h + 2448. List the prime factors of s.
2, 7, 59
Let d = -92 - -85. Let r = 8 - d. Let v(m) = m**3 - 14*m**2 - 4*m + 25. What are the prime factors of v(r)?
2, 5, 19
Suppose -3*p + 1 = -0*u + 2*u, -u - 2*p - 1 = 0. Let l(c) = c**2. Let o be l(u). Suppose 21*f + 696 = o*f. List the prime factors of f.
2, 3, 29
Let y be (2 - 5) + (0 - -31). Suppose -y*z = -24*z - 604. Let i = z + -91. What are the prime factors of i?
2, 3, 5
What are the prime factors of (((-20)/6)/2)/(40/(-1731720)) - -5?
2, 5, 11, 41
Let a be 20/(-6)*(-6)/(-5). Let x(v) be the third derivative of -4*v**4/3 - 7*v**3/6 - 2*v**2 - 19. List the prime factors of x(a).
11
What are the prime factors of (1 + 0)/((-4)/(-25700)) - 2?
3, 2141
Let s(d) = -21*d - 39. Let t be s(-11). Suppose t = p + 19. What are the prime factors of p?
173
Suppose 195 = 11*c - 113. Suppose c*j - 432 = 2368. What are the prime factors of j?
2, 5
Let f(t) = 7804*t + 3314. List the prime factors of f(4).
2, 3, 5, 1151
Suppose 120190 = -17*a + 343474 + 124893. What are the prime factors of a?
3, 6827
Let j = 6093 - 1344. What are the prime factors of j?
3, 1583
Suppose 2*l - 15 = -2*u + 11, 26 = 2*l - 5*u. Let h(s) = -s**2 + 12*s. Let d be h(l). What are the prime factors of d/(9/(-3) + (-80)/(-28))?
7, 13
Let n(o) = o**3 - o**2 - o. Let y be n(0). Suppose -6*k + 698 + 952 = y. What are the prime factors of k?
5, 11
Let l = 150 + -379. Let d = l + 1097. List the prime factors of d.
2, 7, 31
Let z be 67 + 3/1 - -4. Let d = z + -69. Suppose k + d*h - 38 = 0, -k = -2*h + 3*h - 54. What are the prime factors of k?
2, 29
Suppose -57892*u = -57880*u - 199992. List the prime factors of u.
2, 13, 641
List the prime factors of (-4 + 115684/(-12))*24/(-4).
2, 28933
Suppose -q = -2*q - 2, -y + 4*q + 10 = 0. Suppose -y*l - 4*l = -1032. What are the prime factors of l?
2, 43
Let z = -10 - 10. What are the prime factors of (-5)/z*-18*(-2 - 276)?
3, 139
Suppose 159*h - 8 = 157*h. Suppose 0 = 2*s - 2*c - 1722, -2*s - 3*s + 4314 = h*c. What are the prime factors of s?
2, 431
Let c = -369 + 1157. Suppose c = b + t - 982, -2*b = 5*t - 3540. List the prime factors of b.
2, 3, 5, 59
Let h = 5416 + -45. What are the prime factors of h?
41, 131
Suppose -42*a + 8353 + 97521 = -115970. List the prime factors of a.
2, 19, 139
Let u be 142 + 8/4*-1. Suppose 15*l - 950 = -u. What are the prime factors of l?
2, 3
Suppose 2*y + 3*w - 1 = 0, 11*w - 16*w = 2*y + 5. Suppose 446 - 2102 = -3*u + y*k, -5*u + 2741 = -2*k. List the prime factors of u.
547
Suppose -463*x + 11*x = -77*x - 16551750. What are the prime factors of x?
2, 29, 761
Let f = 33 + -30. Suppose 15 = -f*u - 150. Let n = u - -66. List the prime factors of n.
11
Let b(f) be the third derivative of -25*f**4/24 + 17*f**3/2 - 12*f**2. Let u be b(-10). Let a = u - 118. What are the prime factors of a?
3, 61
Let i = 42 + -42. Suppose -18 = -4*j + 5*q, i = -5*j + 4*q + 19 - 1. Suppose -2*l + 105 = -5*u, 0 = j*l + 2*u - 0*u - 84. What are the prime factors of l?
3, 5
Suppose -2*a + f = -6 - 60, -4*a = -5*f - 132. Suppose -12674 - 36628 = -a*o. List the prime factors of o.
2, 3, 83
Suppose -4*b + 2*l + 35356 = 0, 5338 - 23006 = -2*b - 4*l. What are the prime factors of b?
2, 3, 491
Let v = -48 + 51. Suppose 4*m - j + 477 = 1571, v*m = 5*j + 829. What are the prime factors of m?
3, 7, 13
Let b = 894 + -565. Suppose 3*f + 825 = 8*f. Let s = b - f. What are the prime factors of s?
2, 41
Let b(x) = 108*x + 110. Let m be (-13)/(11 + -9 + -3). What are the prime factors of b(m)?
2, 757
Let d(a) be the first derivative of -2*a**3/3 - 4*a**2 + 1380*a + 210. List the prime factors of d(0).
2, 3, 5, 23
What are the prime factors of (-2 + 10)/8*5*6221?
5, 6221
Let f = -301 - -133. Let m(s) = 34*s - 42. Let v be m(11). Let n = f + v. What are the prime factors of n?
2, 41
Let k be (-1920)/192*(-3)/10. Suppose -5*f - 1 + 11 = 0. Suppose 0 = k*u - 2*u + 5*p - 61, f*u + 5*p - 147 = 0. What are the prime factors of u?
2, 43
Suppose -119 = -4*o + 17. Suppose 4*y = -4*z + 4, 132 = -y + 3*z + 153. What are the prime factors of y/(-4) - o/(-4) - 2?
5
Let x(j) = -8*j**3 - 168*j**2 + 21*j - 48. What are the prime factors of x(-22)?
2, 41
Suppose -18 = -j - 2*j. Let a be (6/4)/(j/(-84)). What are the prime factors of ((-2)/(-4)*-3)/(a/1708)?
2, 61
Let w(u) = 189 + 3*u**2 - 79 - u**3 + 7*u**2 + 24*u - 82. What are the prime factors of w(12)?
2, 7
Suppose -542167 + 1612615 = 58*x. What are the prime factors of x?
2, 3, 769
Suppose -3*w - 3*j + 30 = 0, 0*j + 8 = 2*w - 2*j. Suppose 10*i - w*i - 948 = 0. List the prime factors of i.
2, 79
Let g be 2 + -6 + 87/1 + 2. Let u = g - 79. Suppose 2*c + d + 218 = u*c, -2*d = 3*c - 169. What are the prime factors of c?
5, 11
Suppose u + 1 = 0, -r - 620 = -4*r - u. Let n be r/4 + (-3)/4. Let m = 3 + n. List the prime factors of m.
2, 3
What are the prime factors of (1128/(-10))/(1044/(-414990))?
2, 3, 47, 53
Let p(v) = 23*v + 57. Let k(r) = -r**2 - 10*r + 31. Let h be k(-12). List the prime factors of p(h).
2, 109
Suppose 13*i + 59625 = 28*i. List the prime factors of i.
3, 5, 53
Let o = 107 + -121. Let q = o + -64. Let s = q + 162. What are the prime factors of s?
2, 3, 7
Suppose 2*b + 5*v = 3, 0 = -b + 2*b + 3*v. Suppose 5*u = b*u - 224. What are the prime factors of (-5 + 3 + u)/((-2)/(-4))?
2, 3
Let k(y) = 3*y**3 - 13*y**2 + 5*y + 9. Suppose -2*c + 15 - 1 = 3*v, 2*c + v - 18 = 0. Suppose m - 3*m = -c. List the prime factors of k(m).
2, 3, 7
Let y be 129*(-1)/(-3) + -2 + 1. Suppose 2*d - y = -l, 2*l + 3*d - 5*d = 54. List the prime factors of l.
2
Let o(s) = 14 - 1 + 7*s - 5*s + s. Let n be 4/10*(-2 - -22). What are the prime factors of o(n)?
37
Let z be -4 - (-7)/((-28)/24). Let j = z - -15. Suppose -j*o + 2*y - 8 = -629, 3*o - 2*y - 375 = 0. List the prime factors of o.
3, 41
Let m(v) = -v**2 + 11*v + 29. Let s be m(13). Let n(d) = 11*d**3 + 4*d + 3. Let f be n(s). Let t = f - 218. List the prime factors of t.
2, 47
What are the prime factors of (((-171)/2)/9)/(3/(-522))?
3, 19, 29
Let b(r) = 14*r + 103. Let j be b(-7). Suppose -j*q = 0, -3*z + z - 5*q + 1266 = 0. List the prime factors of z.
3, 211
Let k(s) = 1127*s**2 + 36*s + 63. List the prime factors of k(-2).
11, 409
Let b(r) = r**2 - r - 47. Let w be b(-7). Suppose -25*l = -w*l - 21856. What are the prime factors of l?
2, 683
What are the prime factors of (-1720350)/125*(-70)/21?
2, 3, 3823
Suppose 5*i + 165 = -c, 2*i - 172 - 146 = 2*c. Let n = c - -485. List the prime factors of n.
5, 13
Suppose -153736 - 1245606 = -49*g. List the prime factors of g.
2, 109, 131
Let v(j) = j**3 - 11*j**2 - 25*j - 35. Suppose 2*y + 10 - 48 = 2*k, -4*y = -k - 67. List the prime factors of v(y).
5, 13
Let m(v) = -28*v**3 - 27*v**2 - 60*v - 471. What are the prime factors of m(-10)?
59, 431
Suppose -2*g = -2*x + 5796, 5*x + 652 = -g + 15112. What are the prime factors of x?
11, 263
Suppose 3536 = -7*m + 24*m. List the prime factors of (m/5)/((-34)/(-30) + -1).
2, 3, 13
Suppose -4*b + 48 = 4*y, 3 = -4*b + 19. Suppose 5*m - 4*p - 2450 = 0, 2458 - y = 5*m - 2*p. List the prime factors of m.
2, 5, 7
Let d(f) = 5*f - 10. Let k be d(2). Suppose -5*g + 3*c - 3 = k, -3*g - 2*c - 7 = 10. What are the prime factors of 32*(3 - (2 + g))?
2
Let k be 1/(88/28 - 3). Let p(g) = -6*g + 31. Let t be p(k). List the prime factors of 527*(-2)/t + 6/33.
2, 3
Let w be 11/(-44) - (-2)/8. Suppose 4*n + w*n = 572. Suppose -2*z + 213 = n. List the